/(-15) + 6/(-15) + -3. Suppose -11113 = -8*x + l. Is x prime?
False
Let u(x) = x**3 + 7*x**2 - x - 8. Let t be u(-7). Is (t - 0)/((-2)/502) a composite number?
False
Suppose -17*v + 19*v = 3496. Let p be (v/6*1)/((-3)/99). Is p/(-14) + (-2)/(-7) a composite number?
True
Let u = -63966 + 329347. Is u a composite number?
False
Let n(r) = 5224*r - 335. Is n(25) prime?
False
Suppose -15 = -2*n - t + 44, -119 = -4*n - t. Is 1003 + n - 6/(-1) prime?
True
Suppose 94*a = 3233572 - 274358. Is a a prime number?
True
Suppose -4*v + 185 = -835. Suppose 0 = 3*h + v + 12. Let d = 96 - h. Is d a composite number?
True
Let q(t) = 5*t**3 + 18*t**2 + 35*t - 33. Let o(s) = -12*s**3 - 37*s**2 - 69*s + 66. Let j(x) = 3*o(x) + 7*q(x). Is j(16) prime?
False
Let z(y) = -23370*y + 2837. Is z(-34) prime?
True
Let t = 43567 + 57076. Is t a composite number?
True
Suppose 226*y - 225*y = -3*z + 400479, -266986 = -2*z - 4*y. Is z a prime number?
True
Suppose -41*w + 30*w + 4715895 = 4*w. Is w a prime number?
False
Let s(b) = b**2 + 7*b - 38. Let y be s(-8). Is (-1)/(5/y*12/13218) a composite number?
True
Suppose 2*t - 3*t = -3. Suppose -2*f + n + 3 = 0, 2*f - t*f = 5*n - 29. Let z(s) = 150*s - 17. Is z(f) prime?
False
Let f = 1380 - 360. Let s = 689 + f. Is s a prime number?
True
Let p(j) = -3 - 6 - 12 + 4 - 183*j. Let u be p(11). Let t = -637 - u. Is t a composite number?
True
Suppose 5*o - 4 = 3*o. Suppose -o*h + 4585 = 3*h. Is h a prime number?
False
Suppose -3*c + 1 = -2*x, 0 = 2*c - 7*c + 5*x - 5. Suppose c*o + 12 = 5*o. Suppose 0 = h + o*h - 5663. Is h composite?
False
Let h(v) = v**2 - 3*v + 3. Suppose 0 = -5*a + 2*k - 5, -2*a + k - 1 = 2. Let c be h(a). Is 1*2*(c - (-534)/12) a prime number?
False
Let g = 14 - 9. Suppose 5*n - 16360 = -g*n. Suppose 68*a = 72*a - n. Is a composite?
False
Let f be 2 - (-11)/((-22)/(-48)). Let r = 16 - f. Let y(n) = -42*n + 19. Is y(r) composite?
False
Suppose 0 = -5*g - 4*n + 247334 + 249399, 8*g - 794832 = n. Is g a composite number?
True
Suppose 85*l = -57581 + 213471. Suppose 5 = 2*r - r. Suppose -2*m = -r*o - l - 1257, 3*m + o = 4628. Is m prime?
True
Let l(u) = 8316*u + 1955. Is l(3) a prime number?
True
Let w = -2 - -11. Suppose w = 2*p + 5. Is 675 - (12 + -9)*p/(-3) a prime number?
True
Suppose 55*n - 51*n + 50922 = 2*j, 50922 = 2*j + 4*n. Suppose 5*t - 3*v = 36980, 4*t = -5*v + j + 4086. Is t a prime number?
True
Let u = -428 - -695. Let z = u + 2482. Is z a prime number?
True
Suppose 775966 = 705*o - 664*o. Is o prime?
False
Let d = 34 - 28. Suppose 0 = c - d*c - 5*r + 33925, 2*r = c - 6785. Suppose 5*a - c = -y - 4*y, 0 = -4*a - 5*y + 5428. Is a composite?
True
Suppose -h + 15 = 11. Suppose -30 = -4*d - 4*q - 2, 0 = -h*d + 4*q - 12. Suppose -3*w + 2*a = -4095, w - d*a = -3*a + 1370. Is w prime?
True
Let d(y) = 22*y**2 - 13*y - 18 + 37*y - 15*y - 12*y. Is d(7) prime?
True
Suppose 214820 = 25*r - 342755. Is r a prime number?
True
Suppose -2*s + 0*s = -5*z - 42, 2*s - z = 26. Suppose s*m = -3*m - 28. Is (-7*(m - -3)/(-1))/1 a prime number?
True
Suppose 0 = -0*u - 2*u + 3326. Let w = -138 - -140. Suppose 3*g = 2*f - 1669, u = w*f + 2*g - 7*g. Is f a composite number?
False
Suppose -5*c = 2*p - 0*c + 51, 0 = 4*c + 12. Is 1*753/1*(-17 - p) a prime number?
False
Let m(z) = 3 + 22 + 23 + 58*z - 3*z. Is m(5) a prime number?
False
Suppose -8*h = -2*h - 18. Suppose 0 = q - h*o - 3551, 2*q - o - 123 = 6969. Is q a prime number?
False
Is ((3 - -4)/(-14))/(1/(-161002)) prime?
False
Let g(n) = 15354*n + 175. Is g(2) composite?
True
Suppose 4*b - 3*c + 11820 = -24478, -b - 5*c - 9063 = 0. Let f = -6152 - b. Is f prime?
False
Suppose -4*l = 3*f, -28 + 8 = 5*f. Suppose -1 = o - l. Suppose -4*r + 0*q + 92 = o*q, -2*r + 4*q + 46 = 0. Is r composite?
False
Suppose -9*a - 32486 + 231215 = 0. Is a prime?
False
Suppose -556801 = -22*b + 178681. Is b composite?
True
Let s(j) = 109*j**2 - 2*j - 2. Let l(t) = 3*t + 49. Let p be l(-16). Let o be 3*(p + 9/(-6))*-2. Is s(o) a prime number?
False
Let b(r) = 5*r**2 - 28*r - 8. Suppose 5*w = -d + 3*d + 48, 5*w = 3*d + 67. Is b(d) a composite number?
True
Let i = -45687 + 85294. Is i a prime number?
True
Let b(r) = -r**3 - 4*r**2 + 14*r - 22. Let p be (-312)/18 - (-3)/9. Is b(p) prime?
False
Let a(o) = 262*o**3 + 13*o**2 - 28*o - 2. Is a(5) a composite number?
False
Let b = -3878 - -18619. Is b prime?
True
Let u = -27 - -16. Let l = u - -20. Let k(j) = -j**3 + 9*j**2 + 10*j - 8. Is k(l) a prime number?
False
Let o(j) = 9*j**2 - 102*j + 22. Is o(-42) composite?
True
Suppose -121*u + 5*p = -119*u - 1856803, 7*u - 6498795 = 2*p. Is u a prime number?
True
Suppose -4*l - 5199 = -3*y + 7409, 4*y - 16769 = -3*l. Suppose -b - 3*q + 0*q = -2118, 2*b - 2*q = y. Is b a prime number?
False
Is (379 + 2)*13793/39 a prime number?
False
Let t(a) = -a**3 - 4*a**2 - 6*a. Let y be t(-8). Let s = 2027 - y. Is s a composite number?
False
Is 4 + -5 + -1 + (-57)/(-9)*4395 prime?
False
Suppose 0 = 4*f + 20, 3*f - 41 = -3*c + 4*f. Is ((-14865)/20)/(c/(-16)) a prime number?
True
Let i = -44 - -45. Let w be (i + -1)*11/(-22). Suppose -2*j - 2*a + 186 = w, 88 + 102 = 2*j + a. Is j composite?
False
Let f = -575 + 571. Is 4 + f + 1 - -11776 a prime number?
True
Suppose 91 - 59 = 8*g. Suppose z - 2 + g = 0, z - 6272 = -2*m. Is m a composite number?
False
Let w = -47002 - -70803. Is w prime?
True
Let b = -214 - -76. Let w = -83 - b. Is w a composite number?
True
Let p(s) = -3*s**2 + 37*s - 10. Let x be p(12). Is (1 - x)*(-23755)/1 composite?
True
Let c(d) = -172*d**3 - 7*d**2 - 29*d - 217. Is c(-6) composite?
False
Let u(t) = 11*t**2 - 61*t + 77. Let b be u(36). Let g = b - 6322. Is g a composite number?
True
Let v be (-26 - -6)/((4/3237)/(-2)). Let s be v/18 - (-4)/6. Suppose 11*a = 9146 + s. Is a prime?
False
Suppose -3 - 3 = -3*c. Suppose -3*g = -3*u - g + 14, 12 = c*u - 2*g. Suppose -u*o - 3*f = 2*f - 8639, 0 = o - 3*f - 4336. Is o composite?
False
Suppose 5*h - 5*n - 45 = 0, -5*n + 2 + 1 = -h. Suppose -5*i = -8*i - h. Is ((-36)/30)/((16/1270)/i) prime?
False
Is 8569 - -2 - (12 + (-12 - -5) + 0) prime?
False
Let a = 19921 + -14024. Let b = a - 3610. Is b prime?
True
Suppose 2*m = d + 12, -3*d + 5*d = 5*m - 30. Is m + -7 + 17518 + 4 a prime number?
False
Suppose -5*v - 601927 = -4*r, -5*v - 520067 = 8*r - 1723816. Is r a prime number?
True
Let b(g) = -253*g + 314747. Is b(0) a composite number?
False
Suppose 11*k - 2428054 = 132339. Is k prime?
False
Let a = 8379 + 10568. Is a a composite number?
False
Suppose -b + 6 = 3*t, -3*t = 2*t - b - 18. Suppose -6 = -3*u + t. Is u*(4 - 1911/(-9)) composite?
True
Let g be 4 - (-13)/(-3) - 343/(-3). Let v = g + -109. Suppose -2*r + v*r = 2211. Is r a composite number?
True
Suppose 0 = -u - 3*q + 2*q + 1720, 4*q = -2*u + 3446. Is u a prime number?
False
Let s be -2*2*4/4. Is 1460 - 4*1/s a composite number?
True
Suppose 2*v - 1403343 = 5*l, -626*v + 631*v - l = 3508300. Is v composite?
True
Let u(t) = -88*t - 5. Let w be 1 - 6*(-8)/3. Suppose 0 = -3*n + 2*v - w, 0*n - 23 = 3*n + v. Is u(n) composite?
True
Let i = 17542 - 3787. Suppose -4*q - i = -l, -4*q = 5*l - 8*q - 68839. Is l composite?
True
Let c be (0 - -2) + -1 + 1. Suppose -52*y - 54*y + 38927 = -39*y. Suppose r - 291 = 2*o, -2*r + c*o + y = -3*o. Is r a prime number?
True
Let d(u) = -u**3 + u + 1. Let c(y) be the third derivative of y**6/40 - 3*y**5/10 + 5*y**4/12 + 19*y**3/6 + 13*y**2. Let t(m) = c(m) + 2*d(m). Is t(18) prime?
False
Let x(n) = 2*n**3 + 7*n**2 - 2*n + 5. Let m be x(-4). Let y be (-10)/(-15) + (-553)/m + 1. Suppose 5*d - 99 = y. Is d composite?
True
Let i(h) = 644*h**2 + 5*h + 7. Let s(q) = -641*q**2 - 4*q - 7. Let c(o) = -4*i(o) - 5*s(o). Is c(-6) composite?
False
Let n = 304235 + -206916. Is n composite?
True
Suppose 4*z - 717013 = -w, 3*z + 80*w - 81*w - 537765 = 0. Is z a composite number?
True
Let g(m) = -371*m**3 - 5*m**2 - 2*m + 2. Let c be g(-1). Suppose -2*a = 4*i - 366, -2*a + 0*a - 3*i = -c. Is a composite?
False
Let s(w) = -212*w**3 + 15*w**2 + 68*w + 19. Is s(-6) composite?
False
Is (-484836)/(-14) + ((-16)/14 - (-1 - 0)) prime?
True
Suppose f + 2 = 3*f. Let s(p) be the first derivative of 1940*p**3/3 + 2*p**2 - 3*p - 206. Is s(f) composite?
True
Suppose -m - 11 = -13. Suppose m*a = a - 298. Is 4/(48/(-18